 - -2374. Calculate the remainder when o is divided by 34.
32
Let p be -164*(-4)/(-56) - (-6)/(-21). What is the remainder when 1 + (-375)/(-4) + p/16 is divided by 5?
4
Let c(b) = 2*b**2 + 12*b - 10. Let t be c(-8). Suppose -t = -q - d, -104 = -5*q - d - 2*d. What is the remainder when q is divided by 4/(-6) + (-210)/(-18)?
8
Let c(a) = 40*a - 44 - 26*a - 27*a - 70. Calculate the remainder when 10 is divided by c(-9).
1
Let r = 37 + -28. Suppose 0 = 2*p + 108 + 6. Let v = p - -99. What is the remainder when v is divided by r?
6
Calculate the remainder when (-3 + -43)*(74/(-4) + 0) is divided by 167.
16
Suppose -3*s = 5*q - 1179, 5*q - 3*q = -4*s + 480. Suppose -17*a + q = -11*a. Calculate the remainder when 102 is divided by a.
24
Let v(q) = 2*q**3 + 2*q**2 - 2*q - 3. Let k be v(-2). Suppose -117*d = -119*d - 6, 2*o - d = -43. Let m = k - o. What is the remainder when 56 is divided by m?
8
Let w be (21/(-2)*4)/(-2). Suppose 8*d + 273 = w*d. Suppose -5*g + 3*r = -217, 3*g - g = -4*r + 66. What is the remainder when g is divided by d?
20
Suppose 0 = -3*u - w + 26, -u + 3*w + 2 = -0*w. Let m = -21 - 52. Let o = -67 - m. Calculate the remainder when u is divided by o.
2
Let t(u) = 2*u**3 + 133*u**2 + 27*u + 1375. What is the remainder when t(-66) is divided by 208?
205
Suppose -20 = 5*p, -3*p - 89 - 373 = -5*d. What is the remainder when 1623 is divided by d?
3
Suppose 0 = 236*r - 215*r - 714. What is the remainder when 2582 is divided by r?
32
Suppose 118*q - 10954 - 20377 - 14453 = 0. Calculate the remainder when 2330 is divided by q.
2
Let c = -3374 - -3418. Calculate the remainder when c is divided by 14.
2
Let v be -2 + (-3 - 100 - 9/(-3)). Let l be 6/21 - (-1 + v/(-14)). What is the remainder when (-5)/(0 + 2/l) is divided by 8?
7
Let f = -12457 + 12477. Suppose -y = -4*y + 225. Calculate the remainder when y is divided by f.
15
Let y(f) = -3*f + 4. Let s be y(2). Let q be (-74)/(-4) - (-1)/s. What is the remainder when ((-4)/(-6))/(q/2727) is divided by 21?
17
Let k(c) = -c**2 - 69*c - 964. What is the remainder when 180 is divided by k(-46)?
86
Suppose 5*g - 320 = -0*g - 5*f, -3*f = g - 72. Suppose -2*w = 3*m - 15, -4*m - g = -14*w + 10*w. What is the remainder when 16 is divided by w?
4
Let k = 27646 + -27090. Calculate the remainder when 575 is divided by k.
19
Let c(b) = 11*b - 2. Let g be c(1). Calculate the remainder when 37/3 - (-12)/18 is divided by g + (0 - 4)/1.
3
Suppose 3*k - 78 = -4*u, 2*k - 167 = -u - 140. What is the remainder when 4998 is divided by u?
3
What is the remainder when 1*(5 - (-10082)/(-5 + 7)) is divided by 99?
96
Let y = 31 + 28. Suppose 11*v = 2*v + 108. What is the remainder when y is divided by v?
11
Let o(m) = 5*m - 2. Let i(z) = z**3 + z**2 - 2*z + 8. Let c be i(0). What is the remainder when o(c) is divided by 22?
16
Suppose -14 = -0*p - 7*p. Let q = 13 + -5. What is the remainder when q is divided by (-1)/(p/(-11 - -1))?
3
Let o be (-2 - -1) + 119 + 0. Suppose 0 = -4*f - 3*p + 2*p + o, -4*p = -8. Let u(a) = 13*a**2 + 98*a + 190. What is the remainder when f is divided by u(-4)?
5
Let c = 3849 - 3763. What is the remainder when 598 is divided by c?
82
Suppose 24*w = -16*w + 320. What is the remainder when 2478 is divided by w?
6
What is the remainder when 19192 is divided by (-20 - -1) + (-132)/(-4)?
12
Let p(i) = 59*i**3 + 9*i - 11. What is the remainder when 7008 is divided by p(1)?
54
Let l = 6283 + -2478. What is the remainder when l is divided by 27?
25
What is the remainder when 8018 is divided by (-2*(-1287)/(-104))/((-2)/8)?
98
Suppose -4*i - 21*g + 20*g = -64, -3*i = -5*g - 25. Calculate the remainder when ((-4)/(-5))/(10/1025) is divided by i.
7
Let i be -54*(-6)/5*-2*-10. Suppose 6*u + i = 12*u. What is the remainder when u is divided by 31?
30
Let i = 10083 - 9661. Calculate the remainder when i is divided by 95.
42
Let s(l) = -l**3 + 8*l**2 + 7*l + 20. Let f be s(5). Let j = f + -78. Calculate the remainder when 151 is divided by j.
47
Calculate the remainder when 7770 is divided by (30/(-4) - 2)/((-285)/30 - -9).
18
Suppose -48*d - 84*d = -30*d - 5100. Let r = -113 - -410. Calculate the remainder when r is divided by d.
47
Suppose -24 = 12*w - 15*w. Suppose 4*t = 2*y - 42, 4*t + 5*y - 20 = -69. Let f = t + 31. What is the remainder when f is divided by w?
4
Let q(i) = -60*i**3 + 14*i**3 + 3*i + i**2 + 3 - 52*i**3. Let l be q(-1). Suppose 4*y - 57 = l. Calculate the remainder when y is divided by 14.
11
Let k be 39 + 8 + -4 - -4. Suppose 5*g = o + k, -4*g + o + 0*o = -38. Suppose -7*j - 18 = -186. Calculate the remainder when j is divided by g.
6
Suppose 25*h = 354 + 346. Let j = 233 + -122. What is the remainder when j is divided by h?
27
Suppose h - 3*h - 6 = 0, 0 = 3*y + h - 489. What is the remainder when 475 is divided by y?
147
What is the remainder when 4730 is divided by (-36)/(-15) + -2 + 19/570*1698?
56
Suppose -621 - 1089 = -15*l. Suppose -4*h - 16 = -6*h. What is the remainder when l is divided by 70/h + 4/16?
6
Let c = -3554 + 4655. Calculate the remainder when c is divided by 274.
5
Suppose 2*a + 4 = 0, -4*s + s + 790 = a. Suppose -9*x + 12*x - 138 = -5*c, -s = -5*x + 3*c. What is the remainder when 200 is divided by x?
47
Suppose -356*w = -164*w - 237888. What is the remainder when w is divided by 89?
82
Let t = 55 - 52. Suppose b - t*b - u = 8, -12 = -3*u. Calculate the remainder when 42 is divided by 2/b - 68/(-6).
9
Calculate the remainder when (-2222)/(-44) + 2/4 is divided by 18.
15
Let l = 30 - 15. Let d(k) = -k**2 - 18*k - 31. Let v be d(-9). Suppose -2*n + v + 28 = 0. Calculate the remainder when n is divided by l.
9
Let s(f) = -96*f - 626. What is the remainder when s(-24) is divided by 120?
118
Let f(q) = 17651*q**2 - 307*q + 3. Calculate the remainder when f(1) is divided by 25.
22
Calculate the remainder when (4 + (-3000)/45)/((-2)/6) is divided by 148.
40
Let y = 1774 + -1064. Let r = y - 444. Calculate the remainder when r is divided by 71.
53
Let l(h) = 28*h + 133. Let n be l(-5). Let r(y) = 3*y**2 + 23*y + 41. Calculate the remainder when 211 is divided by r(n).
22
Let q be 5*1 - (-22 - -28). Calculate the remainder when 44/q*26/(-26) is divided by 12.
8
Suppose 3*h = 4*f + 41, 5*h + 8*f = -2*f + 85. Suppose 5*s = -9*g + 4*g, 8 = -2*g. Suppose y + h = s*y. What is the remainder when 7 is divided by y?
2
Let p be (3*-2)/((-2)/(-9)). Let g = p + 60. Suppose 0 = -4*x - i + 31, 37*x - 34*x - 2*i - 37 = 0. What is the remainder when g is divided by x?
6
Let m(t) = t**2 - 10*t + 59. Let o(j) = 3*j**2 - 82*j + 34. Let u be o(27). What is the remainder when m(u) is divided by 11?
5
Let z = -74 + 78. Suppose -2*a + 48 = a. Calculate the remainder when a is divided by z + -4 + (7 - 1).
4
Suppose 102 = 5*b - 113. Suppose 0 = -6*i - 17 - b. What is the remainder when 53 is divided by (75/i)/((-12)/32)?
13
Let j(n) = -20*n - 40. Let y be j(-12). Let q = y + -128. What is the remainder when 138 is divided by q?
66
Let x(v) = -41*v - 70. Let a be x(-3). Suppose -a*j + 261 = -322. What is the remainder when 49 is divided by j?
5
Suppose -208*v + 213*v - 3*b - 73 = 0, -v - b + 5 = 0. Calculate the remainder when 42 is divided by v.
9
Let r = -109 + 7. What is the remainder when 251/6 - 17/r is divided by 27?
15
Suppose -5*j + 5*a = -2530, 5*j = -2*a - a + 2514. Suppose -j = -15*g - 9*g. Calculate the remainder when 776 is divided by g.
20
Let a(c) = -5*c**3 - c**2 - 173*c - 355. What is the remainder when 9069 is divided by a(-2)?
24
Let r(z) = -z**3 - 12*z**2 - 3*z - 16. Let k be r(-12). Suppose -k*n + 19*n = -40. Suppose -n = -3*j + 71. What is the remainder when j is divided by 13?
11
Let u(h) = h**3 + 10*h**2 - 14*h + 21. Let c = -122 + 279. What is the remainder when c is divided by u(-11)?
49
Let n = -9668 - -11505. Calculate the remainder when n is divided by 13.
4
Suppose -16*b + 205107 = 91491. What is the remainder when b is divided by 192?
189
Suppose a = -2*a + 36. Let r be (-14)/(-91) - 594/(-26). Suppose -19*q + 924 = r*q. Calculate the remainder when q is divided by a.
10
Let g(i) = -i**3 + 14*i**2 + 4*i - 20. Let d be g(14). Suppose 2*l + 2*f - 264 = d, -5*l + 726 = -3*f. What is the remainder when l is divided by 30?
27
Suppose 11 = -5*q - 3*p, -4*p = 9 - 